{"id":867,"date":"2023-06-09T07:40:47","date_gmt":"2023-06-09T07:40:47","guid":{"rendered":"https:\/\/hiller.up-baustelle.de\/?page_id=867"},"modified":"2023-06-09T08:37:55","modified_gmt":"2023-06-09T08:37:55","slug":"holzstaenderwerk-fuer-trockenbau-waende","status":"publish","type":"page","link":"https:\/\/hiller.up-baustelle.de\/?page_id=867","title":{"rendered":"Holzst\u00e4nderwerk f\u00fcr Trockenbau-W\u00e4nde"},"content":{"rendered":"\t\t<div data-elementor-type=\"wp-page\" data-elementor-id=\"867\" class=\"elementor elementor-867\" data-elementor-post-type=\"page\">\n\t\t\t\t\t\t\t\t\t<section class=\"elementor-section elementor-top-section elementor-element elementor-element-c23fde8 elementor-section-stretched elementor-section-boxed elementor-section-height-default elementor-section-height-default\" data-id=\"c23fde8\" data-element_type=\"section\" data-settings=\"{&quot;stretch_section&quot;:&quot;section-stretched&quot;,&quot;background_background&quot;:&quot;classic&quot;}\">\n\t\t\t\t\t\t<div class=\"elementor-container elementor-column-gap-wider\">\n\t\t\t\t\t<div class=\"elementor-column elementor-col-100 elementor-top-column elementor-element elementor-element-c25b2cc\" data-id=\"c25b2cc\" data-element_type=\"column\">\n\t\t\t<div class=\"elementor-widget-wrap elementor-element-populated\">\n\t\t\t\t\t\t\t\t<section class=\"elementor-section elementor-inner-section elementor-element elementor-element-3b0ee6b elementor-section-boxed elementor-section-height-default elementor-section-height-default\" data-id=\"3b0ee6b\" data-element_type=\"section\">\n\t\t\t\t\t\t<div class=\"elementor-container elementor-column-gap-default\">\n\t\t\t\t\t<div class=\"elementor-column elementor-col-100 elementor-inner-column elementor-element elementor-element-9b2e444\" data-id=\"9b2e444\" data-element_type=\"column\">\n\t\t\t<div class=\"elementor-widget-wrap elementor-element-populated\">\n\t\t\t\t\t\t\t\t<div class=\"elementor-element elementor-element-bbd6d7f elementor-widget elementor-widget-text-editor\" data-id=\"bbd6d7f\" data-element_type=\"widget\" data-widget_type=\"text-editor.default\">\n\t\t\t\t<div class=\"elementor-widget-container\">\n\t\t\t<style>\/*! elementor - v3.15.0 - 20-08-2023 *\/\n.elementor-widget-text-editor.elementor-drop-cap-view-stacked .elementor-drop-cap{background-color:#69727d;color:#fff}.elementor-widget-text-editor.elementor-drop-cap-view-framed .elementor-drop-cap{color:#69727d;border:3px solid;background-color:transparent}.elementor-widget-text-editor:not(.elementor-drop-cap-view-default) .elementor-drop-cap{margin-top:8px}.elementor-widget-text-editor:not(.elementor-drop-cap-view-default) .elementor-drop-cap-letter{width:1em;height:1em}.elementor-widget-text-editor .elementor-drop-cap{float:left;text-align:center;line-height:1;font-size:50px}.elementor-widget-text-editor .elementor-drop-cap-letter{display:inline-block}<\/style>\t\t\t\t<h1>Innenausbau mit Holzst\u00e4nderwerk f\u00fcr Trockenbau-W\u00e4nde<\/h1>\t\t\t\t\t\t<\/div>\n\t\t\t\t<\/div>\n\t\t\t\t\t<\/div>\n\t\t<\/div>\n\t\t\t\t\t\t\t<\/div>\n\t\t<\/section>\n\t\t\t\t<section class=\"elementor-section elementor-inner-section elementor-element elementor-element-032b2d9 elementor-section-boxed elementor-section-height-default elementor-section-height-default\" data-id=\"032b2d9\" data-element_type=\"section\">\n\t\t\t\t\t\t<div class=\"elementor-container elementor-column-gap-default\">\n\t\t\t\t\t<div class=\"elementor-column elementor-col-50 elementor-inner-column elementor-element elementor-element-5492dcc\" data-id=\"5492dcc\" data-element_type=\"column\">\n\t\t\t<div class=\"elementor-widget-wrap elementor-element-populated\">\n\t\t\t\t\t\t\t\t<div class=\"elementor-element elementor-element-1b58398 elementor-widget elementor-widget-text-editor\" data-id=\"1b58398\" data-element_type=\"widget\" data-widget_type=\"text-editor.default\">\n\t\t\t\t<div class=\"elementor-widget-container\">\n\t\t\t\t\t\t\t<h2>Deutschlandweiter Ausbau von Einkaufscentren, Gewerbe-, Industrie- und Wohngeb\u00e4uden<\/h2>\t\t\t\t\t\t<\/div>\n\t\t\t\t<\/div>\n\t\t\t\t<div class=\"elementor-element elementor-element-75e3e09 elementor-widget-divider--view-line elementor-widget elementor-widget-divider\" data-id=\"75e3e09\" data-element_type=\"widget\" data-widget_type=\"divider.default\">\n\t\t\t\t<div class=\"elementor-widget-container\">\n\t\t\t<style>\/*! elementor - v3.15.0 - 20-08-2023 *\/\n.elementor-widget-divider{--divider-border-style:none;--divider-border-width:1px;--divider-color:#0c0d0e;--divider-icon-size:20px;--divider-element-spacing:10px;--divider-pattern-height:24px;--divider-pattern-size:20px;--divider-pattern-url:none;--divider-pattern-repeat:repeat-x}.elementor-widget-divider .elementor-divider{display:flex}.elementor-widget-divider .elementor-divider__text{font-size:15px;line-height:1;max-width:95%}.elementor-widget-divider .elementor-divider__element{margin:0 var(--divider-element-spacing);flex-shrink:0}.elementor-widget-divider .elementor-icon{font-size:var(--divider-icon-size)}.elementor-widget-divider .elementor-divider-separator{display:flex;margin:0;direction:ltr}.elementor-widget-divider--view-line_icon .elementor-divider-separator,.elementor-widget-divider--view-line_text .elementor-divider-separator{align-items:center}.elementor-widget-divider--view-line_icon .elementor-divider-separator:after,.elementor-widget-divider--view-line_icon .elementor-divider-separator:before,.elementor-widget-divider--view-line_text .elementor-divider-separator:after,.elementor-widget-divider--view-line_text .elementor-divider-separator:before{display:block;content:\"\";border-bottom:0;flex-grow:1;border-top:var(--divider-border-width) var(--divider-border-style) var(--divider-color)}.elementor-widget-divider--element-align-left .elementor-divider .elementor-divider-separator>.elementor-divider__svg:first-of-type{flex-grow:0;flex-shrink:100}.elementor-widget-divider--element-align-left .elementor-divider-separator:before{content:none}.elementor-widget-divider--element-align-left .elementor-divider__element{margin-left:0}.elementor-widget-divider--element-align-right .elementor-divider .elementor-divider-separator>.elementor-divider__svg:last-of-type{flex-grow:0;flex-shrink:100}.elementor-widget-divider--element-align-right .elementor-divider-separator:after{content:none}.elementor-widget-divider--element-align-right .elementor-divider__element{margin-right:0}.elementor-widget-divider:not(.elementor-widget-divider--view-line_text):not(.elementor-widget-divider--view-line_icon) .elementor-divider-separator{border-top:var(--divider-border-width) var(--divider-border-style) var(--divider-color)}.elementor-widget-divider--separator-type-pattern{--divider-border-style:none}.elementor-widget-divider--separator-type-pattern.elementor-widget-divider--view-line .elementor-divider-separator,.elementor-widget-divider--separator-type-pattern:not(.elementor-widget-divider--view-line) .elementor-divider-separator:after,.elementor-widget-divider--separator-type-pattern:not(.elementor-widget-divider--view-line) .elementor-divider-separator:before,.elementor-widget-divider--separator-type-pattern:not([class*=elementor-widget-divider--view]) .elementor-divider-separator{width:100%;min-height:var(--divider-pattern-height);-webkit-mask-size:var(--divider-pattern-size) 100%;mask-size:var(--divider-pattern-size) 100%;-webkit-mask-repeat:var(--divider-pattern-repeat);mask-repeat:var(--divider-pattern-repeat);background-color:var(--divider-color);-webkit-mask-image:var(--divider-pattern-url);mask-image:var(--divider-pattern-url)}.elementor-widget-divider--no-spacing{--divider-pattern-size:auto}.elementor-widget-divider--bg-round{--divider-pattern-repeat:round}.rtl .elementor-widget-divider .elementor-divider__text{direction:rtl}.e-con-inner>.elementor-widget-divider,.e-con>.elementor-widget-divider{width:var(--container-widget-width,100%);--flex-grow:var(--container-widget-flex-grow)}<\/style>\t\t<div class=\"elementor-divider\">\n\t\t\t<span class=\"elementor-divider-separator\">\n\t\t\t\t\t\t<\/span>\n\t\t<\/div>\n\t\t\t\t<\/div>\n\t\t\t\t<\/div>\n\t\t\t\t\t<\/div>\n\t\t<\/div>\n\t\t\t\t<div class=\"elementor-column elementor-col-50 elementor-inner-column elementor-element elementor-element-3d1b70b\" data-id=\"3d1b70b\" data-element_type=\"column\">\n\t\t\t<div class=\"elementor-widget-wrap elementor-element-populated\">\n\t\t\t\t\t\t\t\t<div class=\"elementor-element elementor-element-47e0e55 elementor-widget elementor-widget-text-editor\" data-id=\"47e0e55\" data-element_type=\"widget\" data-widget_type=\"text-editor.default\">\n\t\t\t\t<div class=\"elementor-widget-container\">\n\t\t\t\t\t\t\tDas Holzst\u00e4nderwerk ist eine beliebte Methode f\u00fcr den Innenausbau von Trockenbau-W\u00e4nden. Die Vorteile liegen auf der Hand, da Holzst\u00e4nderwerke leicht zu bearbeiten und flexibel anzupassen sind, sich schnell installieren lassen und eine solide Basis f\u00fcr die Wandverkleidung bieten. Dar\u00fcber hinaus handelt es sich meist um die kosteng\u00fcnstigste L\u00f6sung. Die Kombination aus den Holzst\u00e4ndern und der Wandverkleidung hilft zudem dabei, Schallwellen zu absorbieren und zu reduzieren.\t\t\t\t\t\t<\/div>\n\t\t\t\t<\/div>\n\t\t\t\t<div class=\"elementor-element elementor-element-fb9ff1c elementor-widget elementor-widget-text-editor\" data-id=\"fb9ff1c\" data-element_type=\"widget\" data-widget_type=\"text-editor.default\">\n\t\t\t\t<div class=\"elementor-widget-container\">\n\t\t\t\t\t\t\t\n<h3>Weitere Vorteile:<\/h2>\t\t\t\t\t\t<\/div>\n\t\t\t\t<\/div>\n\t\t\t\t<div class=\"elementor-element elementor-element-3eb46da elementor-widget elementor-widget-text-editor\" data-id=\"3eb46da\" data-element_type=\"widget\" data-widget_type=\"text-editor.default\">\n\t\t\t\t<div class=\"elementor-widget-container\">\n\t\t\t\t\t\t\t<span style=\"color: #f28c00;\">I <\/span><strong>Isolierung wird verbessert, da der Hohlraum zwischen den St\u00e4ndern mit D\u00e4mmstoffen gef\u00fcllt werden kann<\/strong><br>\n<span style=\"color: #f28c00;\">I <\/span><strong>Energieverbrauch im Geb\u00e4ude wird deutlich reduziert <\/strong><br>\n\n<span style=\"color: #f28c00;\">I <\/span><strong>bietet gute Schallisolierung<\/strong><br>\n\n<span style=\"color: #f28c00;\">I <\/span><strong>kosteng\u00fcnstige und effektive L\u00f6sung<\/strong>\t\t\t\t\t\t<\/div>\n\t\t\t\t<\/div>\n\t\t\t\t\t<\/div>\n\t\t<\/div>\n\t\t\t\t\t\t\t<\/div>\n\t\t<\/section>\n\t\t\t\t\t<\/div>\n\t\t<\/div>\n\t\t\t\t\t\t\t<\/div>\n\t\t<\/section>\n\t\t\t\t<section class=\"elementor-section elementor-top-section elementor-element elementor-element-07be562 elementor-section-stretched elementor-section-boxed elementor-section-height-default elementor-section-height-default\" data-id=\"07be562\" data-element_type=\"section\" data-settings=\"{&quot;stretch_section&quot;:&quot;section-stretched&quot;,&quot;background_background&quot;:&quot;classic&quot;}\">\n\t\t\t\t\t\t<div class=\"elementor-container elementor-column-gap-wider\">\n\t\t\t\t\t<div class=\"elementor-column elementor-col-100 elementor-top-column elementor-element elementor-element-b44bef9\" data-id=\"b44bef9\" data-element_type=\"column\">\n\t\t\t<div class=\"elementor-widget-wrap elementor-element-populated\">\n\t\t\t\t\t\t\t\t<section class=\"elementor-section elementor-inner-section elementor-element elementor-element-f941e7e elementor-reverse-tablet elementor-section-boxed elementor-section-height-default elementor-section-height-default\" data-id=\"f941e7e\" data-element_type=\"section\">\n\t\t\t\t\t\t<div class=\"elementor-container elementor-column-gap-no\">\n\t\t\t\t\t<div class=\"elementor-column elementor-col-33 elementor-inner-column elementor-element elementor-element-989ffe6\" data-id=\"989ffe6\" data-element_type=\"column\">\n\t\t\t<div class=\"elementor-widget-wrap elementor-element-populated\">\n\t\t\t\t\t\t\t\t<div class=\"elementor-element elementor-element-481f765 elementor-widget__width-initial elementor-widget elementor-widget-image\" data-id=\"481f765\" data-element_type=\"widget\" data-widget_type=\"image.default\">\n\t\t\t\t<div class=\"elementor-widget-container\">\n\t\t\t<style>\/*! elementor - v3.15.0 - 20-08-2023 *\/\n.elementor-widget-image{text-align:center}.elementor-widget-image a{display:inline-block}.elementor-widget-image a img[src$=\".svg\"]{width:48px}.elementor-widget-image img{vertical-align:middle;display:inline-block}<\/style>\t\t\t\t\t\t\t\t\t\t\t\t<img loading=\"lazy\" decoding=\"async\" width=\"873\" height=\"580\" src=\"https:\/\/hiller.up-baustelle.de\/wp-content\/uploads\/2023\/06\/gal2.jpg\" class=\"attachment-large size-large wp-image-347\" alt=\"\" srcset=\"https:\/\/hiller.up-baustelle.de\/wp-content\/uploads\/2023\/06\/gal2.jpg 873w, https:\/\/hiller.up-baustelle.de\/wp-content\/uploads\/2023\/06\/gal2-800x532.jpg 800w, https:\/\/hiller.up-baustelle.de\/wp-content\/uploads\/2023\/06\/gal2-500x332.jpg 500w, https:\/\/hiller.up-baustelle.de\/wp-content\/uploads\/2023\/06\/gal2-768x510.jpg 768w, https:\/\/hiller.up-baustelle.de\/wp-content\/uploads\/2023\/06\/gal2-113x75.jpg 113w, https:\/\/hiller.up-baustelle.de\/wp-content\/uploads\/2023\/06\/gal2-480x319.jpg 480w\" sizes=\"auto, (max-width:767px) 480px, (max-width:873px) 100vw, 873px\" \/>\t\t\t\t\t\t\t\t\t\t\t\t\t\t\t<\/div>\n\t\t\t\t<\/div>\n\t\t\t\t<div class=\"elementor-element elementor-element-adaffe6 elementor-widget__width-initial elementor-widget elementor-widget-image\" data-id=\"adaffe6\" data-element_type=\"widget\" data-widget_type=\"image.default\">\n\t\t\t\t<div class=\"elementor-widget-container\">\n\t\t\t\t\t\t\t\t\t\t\t\t\t\t\t<img loading=\"lazy\" decoding=\"async\" width=\"873\" height=\"580\" src=\"https:\/\/hiller.up-baustelle.de\/wp-content\/uploads\/2023\/06\/gal2.jpg\" class=\"attachment-large size-large wp-image-347\" alt=\"\" srcset=\"https:\/\/hiller.up-baustelle.de\/wp-content\/uploads\/2023\/06\/gal2.jpg 873w, https:\/\/hiller.up-baustelle.de\/wp-content\/uploads\/2023\/06\/gal2-800x532.jpg 800w, https:\/\/hiller.up-baustelle.de\/wp-content\/uploads\/2023\/06\/gal2-500x332.jpg 500w, https:\/\/hiller.up-baustelle.de\/wp-content\/uploads\/2023\/06\/gal2-768x510.jpg 768w, https:\/\/hiller.up-baustelle.de\/wp-content\/uploads\/2023\/06\/gal2-113x75.jpg 113w, https:\/\/hiller.up-baustelle.de\/wp-content\/uploads\/2023\/06\/gal2-480x319.jpg 480w\" sizes=\"auto, (max-width:767px) 480px, (max-width:873px) 100vw, 873px\" \/>\t\t\t\t\t\t\t\t\t\t\t\t\t\t\t<\/div>\n\t\t\t\t<\/div>\n\t\t\t\t\t<\/div>\n\t\t<\/div>\n\t\t\t\t<div class=\"elementor-column elementor-col-66 elementor-inner-column elementor-element elementor-element-936487e\" data-id=\"936487e\" data-element_type=\"column\">\n\t\t\t<div class=\"elementor-widget-wrap elementor-element-populated\">\n\t\t\t\t\t\t\t\t<div class=\"elementor-element elementor-element-e23f03b elementor-widget elementor-widget-image\" data-id=\"e23f03b\" data-element_type=\"widget\" data-widget_type=\"image.default\">\n\t\t\t\t<div class=\"elementor-widget-container\">\n\t\t\t\t\t\t\t\t\t\t\t\t\t\t\t<img loading=\"lazy\" decoding=\"async\" width=\"894\" height=\"591\" src=\"https:\/\/hiller.up-baustelle.de\/wp-content\/uploads\/2023\/06\/gal8.jpg\" class=\"attachment-large size-large wp-image-348\" alt=\"\" srcset=\"https:\/\/hiller.up-baustelle.de\/wp-content\/uploads\/2023\/06\/gal8.jpg 894w, https:\/\/hiller.up-baustelle.de\/wp-content\/uploads\/2023\/06\/gal8-800x529.jpg 800w, https:\/\/hiller.up-baustelle.de\/wp-content\/uploads\/2023\/06\/gal8-500x331.jpg 500w, https:\/\/hiller.up-baustelle.de\/wp-content\/uploads\/2023\/06\/gal8-768x508.jpg 768w, https:\/\/hiller.up-baustelle.de\/wp-content\/uploads\/2023\/06\/gal8-113x75.jpg 113w, https:\/\/hiller.up-baustelle.de\/wp-content\/uploads\/2023\/06\/gal8-480x317.jpg 480w\" sizes=\"auto, (max-width:767px) 480px, (max-width:894px) 100vw, 894px\" \/>\t\t\t\t\t\t\t\t\t\t\t\t\t\t\t<\/div>\n\t\t\t\t<\/div>\n\t\t\t\t\t<\/div>\n\t\t<\/div>\n\t\t\t\t\t\t\t<\/div>\n\t\t<\/section>\n\t\t\t\t\t<\/div>\n\t\t<\/div>\n\t\t\t\t\t\t\t<\/div>\n\t\t<\/section>\n\t\t\t\t\t\t\t<\/div>\n\t\t","protected":false},"excerpt":{"rendered":"<p>Innenausbau mit Holzst\u00e4nderwerk f\u00fcr Trockenbau-W\u00e4nde Deutschlandweiter Ausbau von Einkaufscentren, Gewerbe-, Industrie- und Wohngeb\u00e4uden Das Holzst\u00e4nderwerk ist eine beliebte Methode f\u00fcr den Innenausbau von Trockenbau-W\u00e4nden. Die Vorteile<span class=\"excerpt-hellip\"> [\u2026]<\/span><\/p>\n","protected":false},"author":1,"featured_media":0,"parent":0,"menu_order":0,"comment_status":"open","ping_status":"closed","template":"","meta":{"footnotes":""},"class_list":["post-867","page","type-page","status-publish","hentry"],"yoast_head":"<!-- This site is optimized with the Yoast SEO plugin v20.8 - https:\/\/yoast.com\/wordpress\/plugins\/seo\/ -->\n<title>Holzst\u00e4nderwerk f\u00fcr Trockenbau-W\u00e4nde - Hiller<\/title>\n<meta name=\"robots\" content=\"index, follow, max-snippet:-1, max-image-preview:large, max-video-preview:-1\" \/>\n<link rel=\"canonical\" href=\"https:\/\/hiller.up-baustelle.de\/?page_id=867\" \/>\n<meta property=\"og:locale\" content=\"de_DE\" \/>\n<meta property=\"og:type\" content=\"article\" \/>\n<meta property=\"og:title\" content=\"Holzst\u00e4nderwerk f\u00fcr Trockenbau-W\u00e4nde - Hiller\" \/>\n<meta property=\"og:description\" content=\"Innenausbau mit Holzst\u00e4nderwerk f\u00fcr Trockenbau-W\u00e4nde Deutschlandweiter Ausbau von Einkaufscentren, Gewerbe-, Industrie- und Wohngeb\u00e4uden Das Holzst\u00e4nderwerk ist eine beliebte Methode f\u00fcr den Innenausbau von Trockenbau-W\u00e4nden. Die Vorteile [\u2026]\" \/>\n<meta property=\"og:url\" content=\"https:\/\/hiller.up-baustelle.de\/?page_id=867\" \/>\n<meta property=\"og:site_name\" content=\"Hiller\" \/>\n<meta property=\"article:modified_time\" content=\"2023-06-09T08:37:55+00:00\" \/>\n<meta property=\"og:image\" content=\"https:\/\/hiller.up-baustelle.de\/wp-content\/uploads\/2023\/06\/gal2.jpg\" \/>\n<meta name=\"twitter:card\" content=\"summary_large_image\" \/>\n<meta name=\"twitter:label1\" content=\"Gesch\u00e4tzte Lesezeit\" \/>\n\t<meta name=\"twitter:data1\" content=\"2\u00a0Minuten\" \/>\n<script type=\"application\/ld+json\" class=\"yoast-schema-graph\">{\"@context\":\"https:\/\/schema.org\",\"@graph\":[{\"@type\":\"WebPage\",\"@id\":\"https:\/\/hiller.up-baustelle.de\/?page_id=867\",\"url\":\"https:\/\/hiller.up-baustelle.de\/?page_id=867\",\"name\":\"Holzst\u00e4nderwerk f\u00fcr Trockenbau-W\u00e4nde - Hiller\",\"isPartOf\":{\"@id\":\"https:\/\/hiller.up-baustelle.de\/#website\"},\"datePublished\":\"2023-06-09T07:40:47+00:00\",\"dateModified\":\"2023-06-09T08:37:55+00:00\",\"breadcrumb\":{\"@id\":\"https:\/\/hiller.up-baustelle.de\/?page_id=867#breadcrumb\"},\"inLanguage\":\"de\",\"potentialAction\":[{\"@type\":\"ReadAction\",\"target\":[\"https:\/\/hiller.up-baustelle.de\/?page_id=867\"]}]},{\"@type\":\"BreadcrumbList\",\"@id\":\"https:\/\/hiller.up-baustelle.de\/?page_id=867#breadcrumb\",\"itemListElement\":[{\"@type\":\"ListItem\",\"position\":1,\"name\":\"Startseite\",\"item\":\"https:\/\/hiller.up-baustelle.de\/\"},{\"@type\":\"ListItem\",\"position\":2,\"name\":\"Holzst\u00e4nderwerk f\u00fcr Trockenbau-W\u00e4nde\"}]},{\"@type\":\"WebSite\",\"@id\":\"https:\/\/hiller.up-baustelle.de\/#website\",\"url\":\"https:\/\/hiller.up-baustelle.de\/\",\"name\":\"Hiller\",\"description\":\"\",\"publisher\":{\"@id\":\"https:\/\/hiller.up-baustelle.de\/#organization\"},\"potentialAction\":[{\"@type\":\"SearchAction\",\"target\":{\"@type\":\"EntryPoint\",\"urlTemplate\":\"https:\/\/hiller.up-baustelle.de\/?s={search_term_string}\"},\"query-input\":\"required name=search_term_string\"}],\"inLanguage\":\"de\"},{\"@type\":\"Organization\",\"@id\":\"https:\/\/hiller.up-baustelle.de\/#organization\",\"name\":\"Hiller\",\"url\":\"https:\/\/hiller.up-baustelle.de\/\",\"logo\":{\"@type\":\"ImageObject\",\"inLanguage\":\"de\",\"@id\":\"https:\/\/hiller.up-baustelle.de\/#\/schema\/logo\/image\/\",\"url\":\"https:\/\/hiller.up-baustelle.de\/wp-content\/uploads\/2023\/06\/hiller-gruppe.png\",\"contentUrl\":\"https:\/\/hiller.up-baustelle.de\/wp-content\/uploads\/2023\/06\/hiller-gruppe.png\",\"width\":1275,\"height\":363,\"caption\":\"Hiller\"},\"image\":{\"@id\":\"https:\/\/hiller.up-baustelle.de\/#\/schema\/logo\/image\/\"}}]}<\/script>\n<!-- \/ Yoast SEO plugin. -->","yoast_head_json":{"title":"Holzst\u00e4nderwerk f\u00fcr Trockenbau-W\u00e4nde - Hiller","robots":{"index":"index","follow":"follow","max-snippet":"max-snippet:-1","max-image-preview":"max-image-preview:large","max-video-preview":"max-video-preview:-1"},"canonical":"https:\/\/hiller.up-baustelle.de\/?page_id=867","og_locale":"de_DE","og_type":"article","og_title":"Holzst\u00e4nderwerk f\u00fcr Trockenbau-W\u00e4nde - Hiller","og_description":"Innenausbau mit Holzst\u00e4nderwerk f\u00fcr Trockenbau-W\u00e4nde Deutschlandweiter Ausbau von Einkaufscentren, Gewerbe-, Industrie- und Wohngeb\u00e4uden Das Holzst\u00e4nderwerk ist eine beliebte Methode f\u00fcr den Innenausbau von Trockenbau-W\u00e4nden. Die Vorteile [\u2026]","og_url":"https:\/\/hiller.up-baustelle.de\/?page_id=867","og_site_name":"Hiller","article_modified_time":"2023-06-09T08:37:55+00:00","og_image":[{"url":"https:\/\/hiller.up-baustelle.de\/wp-content\/uploads\/2023\/06\/gal2.jpg"}],"twitter_card":"summary_large_image","twitter_misc":{"Gesch\u00e4tzte Lesezeit":"2\u00a0Minuten"},"schema":{"@context":"https:\/\/schema.org","@graph":[{"@type":"WebPage","@id":"https:\/\/hiller.up-baustelle.de\/?page_id=867","url":"https:\/\/hiller.up-baustelle.de\/?page_id=867","name":"Holzst\u00e4nderwerk f\u00fcr Trockenbau-W\u00e4nde - Hiller","isPartOf":{"@id":"https:\/\/hiller.up-baustelle.de\/#website"},"datePublished":"2023-06-09T07:40:47+00:00","dateModified":"2023-06-09T08:37:55+00:00","breadcrumb":{"@id":"https:\/\/hiller.up-baustelle.de\/?page_id=867#breadcrumb"},"inLanguage":"de","potentialAction":[{"@type":"ReadAction","target":["https:\/\/hiller.up-baustelle.de\/?page_id=867"]}]},{"@type":"BreadcrumbList","@id":"https:\/\/hiller.up-baustelle.de\/?page_id=867#breadcrumb","itemListElement":[{"@type":"ListItem","position":1,"name":"Startseite","item":"https:\/\/hiller.up-baustelle.de\/"},{"@type":"ListItem","position":2,"name":"Holzst\u00e4nderwerk f\u00fcr Trockenbau-W\u00e4nde"}]},{"@type":"WebSite","@id":"https:\/\/hiller.up-baustelle.de\/#website","url":"https:\/\/hiller.up-baustelle.de\/","name":"Hiller","description":"","publisher":{"@id":"https:\/\/hiller.up-baustelle.de\/#organization"},"potentialAction":[{"@type":"SearchAction","target":{"@type":"EntryPoint","urlTemplate":"https:\/\/hiller.up-baustelle.de\/?s={search_term_string}"},"query-input":"required name=search_term_string"}],"inLanguage":"de"},{"@type":"Organization","@id":"https:\/\/hiller.up-baustelle.de\/#organization","name":"Hiller","url":"https:\/\/hiller.up-baustelle.de\/","logo":{"@type":"ImageObject","inLanguage":"de","@id":"https:\/\/hiller.up-baustelle.de\/#\/schema\/logo\/image\/","url":"https:\/\/hiller.up-baustelle.de\/wp-content\/uploads\/2023\/06\/hiller-gruppe.png","contentUrl":"https:\/\/hiller.up-baustelle.de\/wp-content\/uploads\/2023\/06\/hiller-gruppe.png","width":1275,"height":363,"caption":"Hiller"},"image":{"@id":"https:\/\/hiller.up-baustelle.de\/#\/schema\/logo\/image\/"}}]}},"_links":{"self":[{"href":"https:\/\/hiller.up-baustelle.de\/index.php?rest_route=\/wp\/v2\/pages\/867","targetHints":{"allow":["GET"]}}],"collection":[{"href":"https:\/\/hiller.up-baustelle.de\/index.php?rest_route=\/wp\/v2\/pages"}],"about":[{"href":"https:\/\/hiller.up-baustelle.de\/index.php?rest_route=\/wp\/v2\/types\/page"}],"author":[{"embeddable":true,"href":"https:\/\/hiller.up-baustelle.de\/index.php?rest_route=\/wp\/v2\/users\/1"}],"replies":[{"embeddable":true,"href":"https:\/\/hiller.up-baustelle.de\/index.php?rest_route=%2Fwp%2Fv2%2Fcomments&post=867"}],"version-history":[{"count":19,"href":"https:\/\/hiller.up-baustelle.de\/index.php?rest_route=\/wp\/v2\/pages\/867\/revisions"}],"predecessor-version":[{"id":892,"href":"https:\/\/hiller.up-baustelle.de\/index.php?rest_route=\/wp\/v2\/pages\/867\/revisions\/892"}],"wp:attachment":[{"href":"https:\/\/hiller.up-baustelle.de\/index.php?rest_route=%2Fwp%2Fv2%2Fmedia&parent=867"}],"curies":[{"name":"wp","href":"https:\/\/api.w.org\/{rel}","templated":true}]}}